{"id":61,"date":"2026-03-14T19:03:39","date_gmt":"2026-03-14T18:03:39","guid":{"rendered":"https:\/\/djole.fr\/?post_type=tribe_events&#038;p=61"},"modified":"2026-03-14T19:05:55","modified_gmt":"2026-03-14T18:05:55","slug":"fete-de-la-musique-2026","status":"publish","type":"tribe_events","link":"https:\/\/djole.fr\/index.php\/evenement\/fete-de-la-musique-2026\/","title":{"rendered":"F\u00eate de la musique 2026"},"content":{"rendered":"<p>F\u00eate de la musique 2026 \u00e0 Gardanne<\/p>\n","protected":false},"excerpt":{"rendered":"<p>F\u00eate de la musique 2026 \u00e0 Gardanne<\/p>\n","protected":false},"author":1,"featured_media":0,"template":"","meta":{"_tribe_events_status":"","_tribe_events_status_reason":"","footnotes":""},"tags":[],"tribe_events_cat":[5],"class_list":["post-61","tribe_events","type-tribe_events","status-publish","hentry","tribe_events_cat-animations","cat_animations"],"_links":{"self":[{"href":"https:\/\/djole.fr\/index.php\/wp-json\/wp\/v2\/tribe_events\/61","targetHints":{"allow":["GET"]}}],"collection":[{"href":"https:\/\/djole.fr\/index.php\/wp-json\/wp\/v2\/tribe_events"}],"about":[{"href":"https:\/\/djole.fr\/index.php\/wp-json\/wp\/v2\/types\/tribe_events"}],"author":[{"embeddable":true,"href":"https:\/\/djole.fr\/index.php\/wp-json\/wp\/v2\/users\/1"}],"version-history":[{"count":1,"href":"https:\/\/djole.fr\/index.php\/wp-json\/wp\/v2\/tribe_events\/61\/revisions"}],"predecessor-version":[{"id":63,"href":"https:\/\/djole.fr\/index.php\/wp-json\/wp\/v2\/tribe_events\/61\/revisions\/63"}],"wp:attachment":[{"href":"https:\/\/djole.fr\/index.php\/wp-json\/wp\/v2\/media?parent=61"}],"wp:term":[{"taxonomy":"post_tag","embeddable":true,"href":"https:\/\/djole.fr\/index.php\/wp-json\/wp\/v2\/tags?post=61"},{"taxonomy":"tribe_events_cat","embeddable":true,"href":"https:\/\/djole.fr\/index.php\/wp-json\/wp\/v2\/tribe_events_cat?post=61"}],"curies":[{"name":"wp","href":"https:\/\/api.w.org\/{rel}","templated":true}]}}

Fête de la musique 2026

<p>Fête de la musique 2026 à Gardanne</p>
